-k**2 - 1. Let x(a) = -a**3 + 2*a**2 - 2*a + 2. Let z(i) = 4*p(i) + x(i). Give z(-3).
13
Let f(u) be the third derivative of -u**5/15 + 5*u**4/24 + u**3 - u**2. Let o(c) = -5*c**2 + 6*c + 7. Let w(i) = 6*f(i) - 5*o(i). Calculate w(-2).
5
Let s(n) be the first derivative of -2*n**3/3 - 3*n**2/2 + 4*n + 26. What is s(-4)?
-16
Let l(u) = u. Let j(r) = -2*r**3 + 0*r + 2*r + r**2 - 1 + r**3. Let p be j(2). What is l(p)?
-1
Let f(t) = -2*t + 8. Let u be f(8). Let j = -7 - u. Let m(p) = -5*p**2 - p + 1. Determine m(j).
-5
Let z(n) be the second derivative of 0 + 2*n + 1/6*n**3 - 1/2*n**2. Calculate z(0).
-1
Let h(t) = t**2 - 10*t + 10. Let u be h(9). Let x(w) = -5 - u - w**2 - 4*w + 5. Determine x(-6).
-13
Let y(r) = 8*r + 2. Let i(z) = 5*z + 37. Let q be i(-8). Determine y(q).
-22
Let g(m) = 2*m. Let t(u) = -10*u - 1. Let r(w) = -11*g(w) - 2*t(w). Determine r(3).
-4
Let p(i) = -i**3 + 2*i**2 + 3*i - 4. Let j(g) = g**2 - 1. Let h(z) = -j(z) - p(z). Calculate h(4).
9
Let o(w) = 13*w**2 - 4*w + 6 - 12*w**2 + 0*w. Determine o(4).
6
Suppose -3*t = -t + 8, t + 4 = 4*v. Let g(p) be the first derivative of -p**3/3 + p**2/2 - 5*p - 8. What is g(v)?
-5
Let x(c) = -6*c**3 - c - 2. Let d(p) = 5*p**3 - p**2 + p + 1. Let b(g) = -3*d(g) - 2*x(g). Let a be ((-80)/(-25) + -4)/(2/(-5)). Give b(a).
-13
Let o be 0*2/6 - -2. Let a(w) = 2*w - 7*w + 0 + 2 + 5*w**o - w**3. Let y(l) = l - 1. Let h(z) = -a(z) - 2*y(z). Calculate h(4).
-4
Let v = 19 - 10. Let y be ((-6)/v)/((-4)/(-6)). Let p be (-1)/(y*3/15). Let h(l) = -l - 3. Determine h(p).
-8
Suppose 4*v = 2 + 6. Let t(m) = -m + 3. Give t(v).
1
Let j = -4 + 8. Let v(b) = -b**2 + j - 2*b + 0 - 1 + 0*b**2. Let h(y) = -y - 8. Let k be h(-4). Determine v(k).
-5
Suppose 2*w - 6 = 6. Let k(o) = -o + 3. Calculate k(w).
-3
Let p(j) = 10*j - 3 + 0 - 11*j - 1. Let v be (-3)/(-1)*24/18. What is p(v)?
-8
Let y(p) be the first derivative of -p**4/4 - 4*p**3/3 - p**2/2 - p + 4. Let n = -15 - -11. Calculate y(n).
3
Let o(d) = -13*d**2 - 29*d - 24. Let k(x) = 3*x**2 + 7*x + 6. Let w(g) = 9*k(g) + 2*o(g). Let l be w(-4). Let a(j) = -j**2 - 2 - l*j + 4 + 5*j. What is a(2)?
4
Let g(l) = l + 1. Let t(b) = b**2 + 6*b - 2. Let i(v) = 6*g(v) - t(v). Let s(m) be the first derivative of i(m). What is s(5)?
-10
Let y(a) be the second derivative of 0 + 5*a - 1/2*a**2 + 1/12*a**4 - 1/3*a**3. Determine y(2).
-1
Let t = -9 - -13. Let a(j) be the second derivative of j**4/24 + j**3/6 - j**2/2 - 3*j. Let x(c) be the first derivative of a(c). What is x(t)?
5
Let k(i) = 3*i + 8. Suppose 52 = s + 46. Determine k(s).
26
Suppose -w + 1 = -4. Suppose -12 - 8 = -w*j. Let l = j + -4. Let x(q) = q - 1. Give x(l).
-1
Let v(s) = s**2 - 3. Suppose 0 = 2*p - 6*p. Let g = 9 - 3. Suppose p = -g*m + m. What is v(m)?
-3
Let f = -2 + 2. Let d(p) = -6 + 6 + f + p - 3. What is d(6)?
3
Let h(w) = 2*w - 6. Let u(d) = 40*d + 1. Let k be u(1). Suppose 0 = 2*b + t - k, -5*b + 15 + 80 = t. Let g = b + -13. What is h(g)?
4
Let q(x) be the first derivative of -5*x**2/2 + 2*x - 6. Give q(2).
-8
Let b(y) = 5*y + 2*y**3 + 2 + 122*y**2 - 129*y**2 - y**3. Determine b(6).
-4
Let c(p) = -p**3 - p**2 - 11. Suppose 15*n = 12*n. Give c(n).
-11
Let k(z) = -1 + 8*z - 8*z - z**2. What is k(-2)?
-5
Let n = -5 + 8. Suppose j = -n + 7. Let d(h) = -h**3 + 5*h**2 - 6*h + 3. Determine d(j).
-5
Let a(n) = 5 - 3*n + 9*n + 0*n**2 + n**2. Suppose -13*x - 68 = -3. What is a(x)?
0
Let x(l) be the first derivative of -l**3/3 - 2*l**2 + 7*l + 1. Let i = 16 - 6. Let b be (i/6)/((-16)/48). Give x(b).
2
Let r(b) = -b**3 - 3*b**2 + 4*b + 4. Let p be r(-4). Suppose -2*q + p = -q. Let j(m) = -1 + m - q + 4. Determine j(2).
1
Let q(p) be the first derivative of 3*p**3 - p**2 - p - 19. Calculate q(-1).
10
Suppose -3*t = -4*t - 4. Let p(k) = k. Let w be p(2). Let f(a) = 2 + 0*a**2 + a**2 + w*a + 2*a. Give f(t).
2
Suppose 2*c + 4 = -12. Let t = c - -6. Let r(w) = w**3 + 3*w**2 + 2*w - 1. What is r(t)?
-1
Let b(y) = y**3 + 3*y**2 + 2*y + 3. Let l = 11 - 7. Suppose l*n - 6 = 6*n. Calculate b(n).
-3
Let p(m) = m**3 - 4*m**2 - 2. Let s be p(4). Let i be s/7 + 23/7. Let v(j) = j - 3. Give v(i).
0
Suppose 7 = 4*x + 3. Let t = x + 0. Let n(z) = -7*z**3 + 2*z**2 - 1. What is n(t)?
-6
Let h(i) = i + 16. Let f be h(-12). Let u(r) = 3*r - 3. Give u(f).
9
Let h(x) be the second derivative of x**3/6 - 3*x. Let k(g) = 4*g - 1. Let t(u) = 7*h(u) - 2*k(u). Give t(-2).
4
Let b(g) = 11*g - 32. Let k(n) = 4*n - 11. Let s(t) = -6*b(t) + 17*k(t). Suppose 0*r + 10 = -2*o - 4*r, 0 = -2*r. Determine s(o).
-5
Let k(b) = 6*b + 5. Let i(x) = 0 - 3*x - 1 - 4 - 2*x. Let g(h) = 7*i(h) + 6*k(h). Give g(-6).
-11
Suppose -14*o + 9*o - 30 = 0. Let v(d) = -d - 13. Calculate v(o).
-7
Let m(l) = l - l**3 + 9*l**2 - l**3 - 11*l**2. Calculate m(1).
-3
Let u(q) = -q**2 + 5*q - 1. Let x be u(4). Let n(r) = -5 + 2*r - r**3 - 4*r**2 + 3 - 3*r + x. Determine n(-4).
5
Suppose 0*z - 2*z - 4 = -2*u, 4*u = 20. Let a(n) be the third derivative of 0 + 0*n**4 + 1/6*n**z + 0*n + n**2 - 1/6*n**5. What is a(-1)?
-9
Suppose -u = -0*u - 3. Let z(f) = f**2 - 4. Give z(u).
5
Let m(t) = -t + 1. Let f(u) = u**3 + u**2 - u + 1. Suppose 1 + 8 = 3*a. Let c(h) = -h**2 + 3*h + 1. Let x be c(a). Let n be f(x). Give m(n).
-1
Let o(p) = -10*p + 1 - 11*p - p**2 + 20*p. Give o(3).
-11
Let o = 137 - 131. Let c(s) = s**3 - 7*s**2 + 8*s - 8. What is c(o)?
4
Let z(t) = 2*t - 5 + 5. Suppose 15 = -o + b, -b + 49 = -3*o - 2*b. Let h be 40/o*4/5. What is z(h)?
-4
Let w(i) = i**3 - 9*i**2 + 8*i + 3. Let g be (-2)/8 + (-99)/(-12). Let d be w(g). Let t(f) = 0*f + f**d + 0*f**3 - 2*f**2 - 2*f. What is t(2)?
-4
Let w(x) = 3*x + 3 - 4*x + 2*x. Let c(n) = n**2 + 4*n - 28. Let m be c(-8). What is w(m)?
7
Let r(q) be the second derivative of 1/20*q**5 + 5/12*q**4 + 1/6*q**3 + 0 + 10*q + 7/2*q**2. Give r(-5).
2
Let g(c) = c**3 - 4*c**2 + 2*c + 1. Let h be 0 + 2/5*10. Determine g(h).
9
Let t = -7 - -7. Let o(g) = 3 + t*g**2 - 1 - 12*g - g**2 + 8*g. Suppose -3*m = -0*c + c + 10, 2*m + 4 = -2*c. Calculate o(m).
2
Let r(u) be the first derivative of -u**4/4 + 14*u**3/3 + 4*u + 47. Determine r(14).
4
Let w(m) = m + 2. Suppose -4*r + 2*r - 9 = -3*z, 0 = -r + 5*z - 8. Determine w(r).
-1
Let j(m) = -4*m - m - 5 + 5*m + 2*m. Give j(6).
7
Let k(d) be the third derivative of -d**6/120 - 7*d**5/60 - d**4/4 + d**3 + 5*d**2. Give k(-6).
6
Suppose 0 + 20 = 4*o. Suppose y - o = -8. Let q(t) = -t**2 - 4*t - 1. Determine q(y).
2
Let n(b) = -9*b - 3. Let s(v) = -v - 1. Let l(r) = n(r) - 3*s(r). Calculate l(-1).
6
Let g(x) = -x**3 - 5*x**2 - 3*x + 1. Let b be g(-5). Suppose -3*f = f - b. Let u(k) = 4*k - 4. What is u(f)?
12
Let i(m) be the first derivative of 3*m**2/2 - 6*m - 12. Determine i(-5).
-21
Let f(y) = y**3 + 7*y**2 + 7*y + 8. Let t(p) = p**2 - 7*p + 1. Let z be t(7). Let j = z - 7. What is f(j)?
2
Suppose 0 = -r + 3*c - 8, 5*r = -7*c + 2*c + 20. Let k(q) = -3*q - 1. Give k(r).
-4
Let h(w) = w**2 + w - 6. Let j be h(-3). Let z(b) = -4*b**2 - b + j*b**2 - 8 + 5*b**2. Let x be (0 + 0)*(-2)/4. Calculate z(x).
-8
Suppose 0 = -4*q + 3*o - 5*o - 14, -5*o - 29 = 4*q. Let t(u) = -1. Let n(r) = 2*r + 5 + 1 - 3*r. Let d(h) = q*n(h) - 6*t(h). Determine d(-2).
-2
Let i(s) = s**2 - 5*s - 1. Let f(b) = -b**3 + 4*b**2 + 6*b - 1. Let o be f(5). Let x be 10 - -4*(-1)/2. Suppose 12 + x = o*g. Give i(g).
-1
Let c(s) be the third derivative of -s**4/24 - s**3/6 + 4*s**2. Calculate c(-1).
0
Let h(g) = -5*g**3 - 6*g**2 - 3*g - 5. Let w(n) = 9*n**3 + 11*n**2 + 5*n + 9. Let v(z) = -7*h(z) - 4*w(z). Let d = -6 + 4. What is v(d)?
-3
Let l(g) = 6 - g**2 - 3*g**2 + 5*g + 3*g**2. Let z be l(6). Let q be (4 - z)*(0 + -1). Let f(x) = x**3 + 4*x**2 - 2*x - 5. Give f(q).
3
Let b(g) = g**3 + 7*g**2 - 8*g + 9. Let r(y) = -y**3 + 6*y**2 - 8. Let h be r(6). What is b(h)?
9
Let d(z) = z**2 + 8*z + 5. Suppose -5*i - 15 - 5 = 0. Let l = i - 1. Determine d(l).
-10
Let n be (-4)/(-6)*9/6. Let s(x) = -x**2 - x + 1. Let u(q) = -7*q**2 - 6*q + 10. Let y(c) = n*u(c) - 6*s(c). Let p(h) = -h + 1. Let a be p(-2). Calculate y(a).
-5
Let z(n) be the first derivative of -4*n - 1/3*n**3 - 3 + 5/2*n**2. Determine z(4).
0
Let f(a) be the first derivative of -a**4/6 - a**3/3 + a**2/2 - a - 5. Let q(m) be the first derivative of f(m). Calculate q(2).
-11
Let k(t) b